 of u?
1
What is the hundreds digit of 16842/(-35)*(-285)/38?
6
Suppose -4*z + 146 = 14. What is the tens digit of z?
3
Let d(n) = -n**3 + 7 + 6*n - 2*n - 4. Let u be d(-2). What is the units digit of 6/(u + (-124)/44)?
3
Let y be -1*1*411 - 0/(-15). Let q = -292 - y. What is the hundreds digit of q?
1
Let i = 45 - 35. What is the units digit of -3 - -3*i/(-15)*-47?
1
Let o be 7/(0/4 + 0 + 1). Suppose v + 498 = o*v. What is the tens digit of v?
8
Suppose 143*g - 140*g = 1329. What is the tens digit of g?
4
Let w = 45 + -125. What is the tens digit of (1 - 0 - 6)*2144/w?
3
Suppose w - 4*t = 215, w - 82 = -4*t + 101. What is the hundreds digit of w?
1
Let z = -2602 + 4189. What is the units digit of z?
7
Let b(h) be the second derivative of h**5/20 - 5*h**4/3 - 7*h**3/2 + 5*h**2 + h. What is the tens digit of b(21)?
1
Suppose m - 2 = 0, a - 4*a - 4*m - 1 = 0. Let k = 6 + a. Suppose 5*j - 56 = -k*c, 2*j - 5*j + 33 = 2*c. What is the units digit of j?
3
Let b(o) = -36*o - 73. What is the hundreds digit of b(-13)?
3
Let i(x) = -2*x**2 - 21*x - 5. Let u be i(-10). Suppose 0*q + 3*q = -u*y + 585, 0 = -2*y - 4*q + 248. What is the hundreds digit of y?
1
Let y(x) be the third derivative of x**5/60 + x**4/24 - 17*x**3/6 + 6*x**2. Let q be y(-5). Let w(u) = 14*u. What is the tens digit of w(q)?
4
Suppose 3*u + 4309 = 2*z, -16*z + 4*u = -11*z - 10762. What is the units digit of z?
0
Let o(b) be the third derivative of b**6/120 + b**5/10 - b**4/3 - b**3/2 - b**2. Let n be o(-5). Let c = n + -33. What is the tens digit of c?
2
What is the thousands digit of (-25572)/(-16)*3/((-72)/(-32))?
2
Let t be -3 - (5 - (2 + 0)). Let l(w) = -w**3 - 5*w**2 - 3*w + 3. Let c be l(t). Suppose v - 4*v = -c. What is the tens digit of v?
1
Let a(y) = -y**3 - 8*y**2 - 8*y - 1. Let v be a(-7). Let u(t) = t - 4. Let k be u(6). Suppose k*d - v*d + 4*s = -40, 4 = s. What is the tens digit of d?
1
Let v = 261 - 62. Suppose b - v = 8. What is the units digit of b?
7
Let r = -11 - -13. Suppose -15 - 3 = -r*x. What is the units digit of x?
9
Let l = 82 - 82. Suppose -8*q + 15*q - 497 = l. What is the tens digit of q?
7
What is the hundreds digit of 122 - (4 + -9) - 0/3?
1
Let u(f) = -12*f - 7. Suppose -5*y + 102 - 42 = 0. Let n = -14 + y. What is the tens digit of u(n)?
1
Let a be 4488/(-15) + (4/(-5) - -1). Let l = a - -445. What is the hundreds digit of l?
1
Suppose g = -3*g + 4*t - 88, 3*g + t + 74 = 0. Let l = 41 - g. What is the units digit of l?
5
Let p(f) = f**2 - 7*f + 8. Let w be p(4). Let g(k) = -k**3 - 3*k**2 - 6*k - 9. What is the units digit of g(w)?
1
Let f be (-30)/(-9)*(-12)/(-5). Suppose 0 = f*c - 7*c. Suppose 2*d - 3*d + 7 = c. What is the units digit of d?
7
Suppose -m + 52 - 47 = 0. What is the tens digit of (174/m)/(2/5)?
8
Let v = -95 - -96. Let o(j) = 183*j**2 - 1. What is the hundreds digit of o(v)?
1
Let f = 376 - 119. What is the hundreds digit of f?
2
Let h(o) = 4*o + 67. Let c be h(-16). Suppose 78 + 22 = 5*l. Suppose c*b + l - 5 = 0, z - 3*b - 21 = 0. What is the units digit of z?
6
Suppose -8*b - 18*b + 27378 = 0. What is the hundreds digit of b?
0
Let d(i) = i + 1. Let l = 6 - 5. Let y be d(l). What is the tens digit of -1*(-2 - 62/y)?
3
What is the hundreds digit of -2 - 0 - (-130677)/43?
0
Let o(p) = 1170*p - 323. What is the tens digit of o(3)?
8
Let q(i) = i**3 + 3*i**2 + i - 1. Let r be q(-2). What is the tens digit of (-1 - r)/8*-292?
7
What is the hundreds digit of 206/1339 + (0 - 58132/(-26))?
2
What is the hundreds digit of -12 + 157 + (-3 - -9)?
1
Suppose -6*b + 9*b - 6 = 0. Suppose 5*v - 81 = b*v. What is the units digit of 168/v - (-2)/(-9)?
6
Suppose -7*m - 155 = -603. What is the units digit of (192/10)/(m/30 + -2)?
4
Suppose -2*t - 4*x = -10, -3*t + 5*x - 1 = 39. Let a(i) = -36*i - 10. What is the hundreds digit of a(t)?
1
What is the tens digit of 1/2*(5 + 2977 + 12)?
9
Let w = -8 - -31. Suppose w = 4*o + 3. Suppose -117 = -4*y + o*d, -1 = -4*y - 4*d + 107. What is the units digit of y?
8
Let c(g) = -5*g**3 + 4*g**2 + 3*g + 8. Let a be c(-4). Suppose -2*l + l = 5*f - 76, -a = -5*l + 3*f. What is the units digit of l?
6
Let c = 1406 + 2917. What is the thousands digit of c?
4
Suppose 2*r = 5*z + 2147, 0 = -16*r + 21*r + 4*z - 5318. What is the units digit of r?
6
Let o(f) = f**2 - 2*f + 6. Suppose 3*l - k = 27, -2*l + 4*k + 5 + 13 = 0. What is the tens digit of o(l)?
6
Suppose 5*p + 5*z = -30 + 170, 127 = 4*p - z. Let g = p - -7. What is the units digit of g?
8
Let k(a) be the first derivative of -13*a**2/2 + 8*a + 4. What is the tens digit of k(-5)?
7
Let p(n) = 30*n - 2. Let d(m) = -m**3 - 9*m**2 - 10*m + 6. Let z be d(-7). Let r = z - -23. What is the tens digit of p(r)?
2
Let t(d) = 33*d**2 + 3*d - 2. Let y = -50 + 21. Let r = 30 + y. What is the units digit of t(r)?
4
Let b be (60/(-40))/(2/4). What is the hundreds digit of b - (2355/(-10) - (-2)/(-4))?
2
Suppose 2*n + 2*n = 2*v + 874, 4*n = -3*v + 899. Let q = n + -128. What is the units digit of q?
3
Suppose 8*w + 15 = 3*w. Let x be 9/w*(-1)/3. What is the tens digit of (-1)/(24/(-23) + x)?
2
Suppose i - x = -4*x + 72, i - 76 = -2*x. Suppose d = -38 + i. What is the tens digit of d?
4
Let v = -12 + 20. Let y(o) = 7*o**2 + 0 - o**3 + 2*o + o**2 + 9. What is the tens digit of y(v)?
2
What is the tens digit of ((-14686)/49 - 9)*-7?
6
Let b be -100 - (6/(-1))/(4/(-2)). Let y = 218 + b. What is the tens digit of y?
1
Suppose 11 = b - 2*u - 105, 0 = 3*b - 2*u - 336. What is the hundreds digit of b?
1
Suppose -2*o - 147 = 3*n + o, 0 = -2*o + 2. Let l = -55 + 24. Let i = l - n. What is the units digit of i?
9
Suppose -4*v = -125 + 13. Suppose -13 = 3*k - 28. Suppose r + v = k*r. What is the units digit of r?
7
Suppose 9*r = 15*r + 336. What is the tens digit of (0 + -2 - -72)/((-16)/r)?
4
Let t = 401 + 299. What is the hundreds digit of t?
7
Let b = 117 - -11. Suppose 20*t + 120 = 25*t. What is the units digit of (-21)/(-4)*b/t?
8
Suppose -40*s = -37*s - 1197. What is the tens digit of s?
9
Suppose -23*m + 5976 = -5*m. What is the units digit of m?
2
Let j(y) = -y - 17. Let l be j(-12). Let h(v) = -35*v - 13. What is the hundreds digit of h(l)?
1
Let s be (-17)/(-3) - 12/18. Let y(k) = 4*k**2 - k. Let r be y(1). What is the units digit of (0 - 1) + r + s?
7
Suppose -365*h - 1710 = -367*h. What is the tens digit of h?
5
What is the tens digit of 4 + 10/(-15)*3 + 459?
6
Let m(o) = -6*o + 39. Let q be m(-6). Let g = 256 - q. What is the hundreds digit of g?
1
Let l = 326 - 219. Let b = 97 + l. What is the units digit of b?
4
Let a be 3 + -3*1/(-3). Suppose g - 57 = -a*m, -2*m + 16 = -g - g. What is the units digit of m?
3
Let b = 1017 - 905. What is the hundreds digit of b?
1
Let g = -3 + 6. Suppose 18 = -g*z + 3. What is the units digit of (3/z)/((-1)/15)?
9
Suppose -5 = -3*x + 1. Suppose 2*z = -8, x*g - 2*z = 29 + 113. What is the tens digit of g?
6
What is the tens digit of (12/7)/((-11)/((-249018)/28))?
8
Let r(f) = -59*f + 55*f - 7 + 1 + f**2. Let z(o) = -o**3 - 2*o**2 + 2*o + 3. Let i be z(-3). What is the units digit of r(i)?
6
Let k(x) = x. Let t(l) = -l**2 + 12*l - 21. Let v(f) = -5*k(f) - t(f). Let y be v(16). Let d = y + -1. What is the units digit of d?
4
Let o = -60 + 166. What is the tens digit of o?
0
Suppose -6*s + 273 = s. Let t = s - 21. What is the units digit of t?
8
Suppose -g + 4 = -5*k - 3, 4*k = -2*g. What is the units digit of (-3)/(g/2) + 13?
0
Suppose -2*q - 8 = 0, 5*q + 1 = 5*a - 19. Suppose -2*g = 6, -4*d = -a*d - 3*g - 185. What is the units digit of d?
4
Let n(m) = m**2 - 1. Let j = 20 + -9. Let u = j + -16. What is the units digit of n(u)?
4
Let u(t) = 3*t**2 + 5*t + 4. Suppose -3 = 4*r + 13. Let f be u(r). Suppose -3*c + 10 + f = 0. What is the tens digit of c?
1
Suppose 2 = -2*z, 4*j + 5*z = 3676 + 5747. What is the thousands digit of j?
2
Suppose -44 = -3*n - t, 5*t = -20*n + 23*n - 14. What is the units digit of n?
3
Let z(k) = -k**3 - 4*k**2 + 13*k + 11. Let t be z(-6). What is the units digit of 2 + t/(-5) + 324?
5
What is the hundreds digit of (-21)/168 + 44354/16?
7
Suppose -30*l - 7*l + 14541 = 0. What is the units digit of l?
3
Let t = 3 + 1. Let g(u) be the second derivative of u**4/6 + u**3/6 + 3*u**2/2 - 15*u. What is the tens digit of g(t)?
3